{"id":135,"date":"2026-04-16T08:51:02","date_gmt":"2026-04-16T08:51:02","guid":{"rendered":"https:\/\/minaclavuot.ch\/?page_id=135"},"modified":"2026-04-16T08:51:02","modified_gmt":"2026-04-16T08:51:02","slug":"ausstellungen","status":"publish","type":"page","link":"https:\/\/minaclavuot.ch\/index.php\/ausstellungen\/","title":{"rendered":"Ausstellungen"},"content":{"rendered":"\n<div class=\"wp-block-group alignfull has-global-padding is-content-justification-center is-layout-constrained wp-block-group-is-layout-constrained\" style=\"margin-top:0;margin-bottom:0\">\n<div style=\"height:var(--wp--preset--spacing--20)\" aria-hidden=\"true\" class=\"wp-block-spacer\"><\/div>\n\n\n\n<div class=\"wp-block-group alignwide is-layout-flow wp-block-group-is-layout-flow\">\n<div class=\"wp-block-columns alignwide are-vertically-aligned-top is-layout-flex wp-container-core-columns-is-layout-5c8fb865 wp-block-columns-is-layout-flex\">\n<div class=\"wp-block-column is-vertically-aligned-top has-global-padding is-content-justification-left is-layout-constrained wp-container-core-column-is-layout-95996b15 wp-block-column-is-layout-constrained\">\n<figure class=\"wp-block-image alignright size-large\"><img loading=\"lazy\" decoding=\"async\" width=\"740\" height=\"1024\" src=\"https:\/\/minaclavuot.ch\/wp-content\/uploads\/2026\/04\/dsc02612-740x1024.jpg\" alt=\"\" class=\"wp-image-132\" srcset=\"https:\/\/minaclavuot.ch\/wp-content\/uploads\/2026\/04\/dsc02612-740x1024.jpg 740w, https:\/\/minaclavuot.ch\/wp-content\/uploads\/2026\/04\/dsc02612-217x300.jpg 217w, https:\/\/minaclavuot.ch\/wp-content\/uploads\/2026\/04\/dsc02612-768x1063.jpg 768w, https:\/\/minaclavuot.ch\/wp-content\/uploads\/2026\/04\/dsc02612-1110x1536.jpg 1110w, https:\/\/minaclavuot.ch\/wp-content\/uploads\/2026\/04\/dsc02612.jpg 1445w\" sizes=\"auto, (max-width: 740px) 100vw, 740px\" \/><\/figure>\n<\/div>\n\n\n\n<div class=\"wp-block-column is-vertically-aligned-top is-layout-flow wp-block-column-is-layout-flow\" style=\"flex-basis:40%\">\n<h3 class=\"wp-block-heading\">Ausstellungen &amp; Preise<\/h3>\n\n\n\n<ul class=\"wp-block-list\">\n<li>Sala Segantini Savognin<br>Teilnahme an f\u00fcnf Jahresausstellungen der B\u00fcndner K\u00fcnstler\/innen Kunstmuseum Chur, GR<\/li>\n\n\n\n<li>Galerie Wohnwerk Chur, GR<\/li>\n\n\n\n<li>D\u00fcrstelerhaus Ottikon-Gossau ZH<\/li>\n\n\n\n<li>Gemeinschaftsausstellung: \u201eEn Blanco\u201c der Druckwerkstatt Haldenstein GR, 2013<\/li>\n\n\n\n<li>Teilnahme Pr\u00e4sentation des Vereins \u201eKunst.Hand.Werk.Graub\u00fcnden&#8220; in der Stadtgalerie Chur<\/li>\n\n\n\n<li>Triennale Grenchen: art limited\/multiple art, 2015<\/li>\n\n\n\n<li>Gruppenausstellung Cuort Ligia Grischa Trun der Druckwerkstatt Haldenstein GR, 2017<\/li>\n\n\n\n<li>Anerkennungspreis der Stiftung B\u00fcndner Kunsthandwerk, 2011<\/li>\n\n\n\n<li>Nominiert f\u00fcr den Prix Jumelles, 2010<\/li>\n\n\n\n<li>KostBar, 2016, 2018, 2020 in Almens<\/li>\n\n\n\n<li>MiniPrintPaese (I) Esposizione Internazionale di Grafica d\u2019Arte, 2019<\/li>\n\n\n\n<li>Gruppenausstellung Druckwerkstatt Haldenstein \u201eWie weiter? \u2013 Druckgrafik redet mit\u201c, 2020<\/li>\n<\/ul>\n<\/div>\n<\/div>\n\n\n\n<div style=\"height:var(--wp--preset--spacing--20)\" aria-hidden=\"true\" class=\"wp-block-spacer\"><\/div>\n<\/div>\n\n\n\n<div style=\"height:var(--wp--preset--spacing--20)\" aria-hidden=\"true\" class=\"wp-block-spacer\"><\/div>\n<\/div>\n","protected":false},"excerpt":{"rendered":"<p>Ausstellungen &amp; Preise<\/p>\n","protected":false},"author":1,"featured_media":0,"parent":0,"menu_order":0,"comment_status":"closed","ping_status":"closed","template":"","meta":{"footnotes":""},"categories":[],"tags":[],"class_list":["post-135","page","type-page","status-publish","hentry"],"_links":{"self":[{"href":"https:\/\/minaclavuot.ch\/index.php\/wp-json\/wp\/v2\/pages\/135","targetHints":{"allow":["GET"]}}],"collection":[{"href":"https:\/\/minaclavuot.ch\/index.php\/wp-json\/wp\/v2\/pages"}],"about":[{"href":"https:\/\/minaclavuot.ch\/index.php\/wp-json\/wp\/v2\/types\/page"}],"author":[{"embeddable":true,"href":"https:\/\/minaclavuot.ch\/index.php\/wp-json\/wp\/v2\/users\/1"}],"replies":[{"embeddable":true,"href":"https:\/\/minaclavuot.ch\/index.php\/wp-json\/wp\/v2\/comments?post=135"}],"version-history":[{"count":1,"href":"https:\/\/minaclavuot.ch\/index.php\/wp-json\/wp\/v2\/pages\/135\/revisions"}],"predecessor-version":[{"id":137,"href":"https:\/\/minaclavuot.ch\/index.php\/wp-json\/wp\/v2\/pages\/135\/revisions\/137"}],"wp:attachment":[{"href":"https:\/\/minaclavuot.ch\/index.php\/wp-json\/wp\/v2\/media?parent=135"}],"wp:term":[{"taxonomy":"category","embeddable":true,"href":"https:\/\/minaclavuot.ch\/index.php\/wp-json\/wp\/v2\/categories?post=135"},{"taxonomy":"post_tag","embeddable":true,"href":"https:\/\/minaclavuot.ch\/index.php\/wp-json\/wp\/v2\/tags?post=135"}],"curies":[{"name":"wp","href":"https:\/\/api.w.org\/{rel}","templated":true}]}}